(-4) + 3)/((-1)/(-80)). Let f = s + -420. Let x(n) = n**3 + 5. Calculate x(f).
5
Let r(q) = 8*q**2 - 84*q - 37. Let z(x) = 208*x - 9557. Let b be z(46). What is r(b)?
7
Suppose -y = 5*p - 169, 5*p + 2*y = -46 + 219. Suppose -g = p - 35. Let x(w) = g*w - 2*w**2 + 13*w**2 - 12*w**2 - 2. Give x(2).
-2
Let p(l) be the second derivative of 65*l**3/6 + 3*l**2 - 3*l - 789. Determine p(-1).
-59
Suppose 0 = 2*j + 4, 0*v = -3*v - 5*j - 1. Let s(d) = -4*d + v*d - 2 + 6. Let n be (-72)/(-96) - 9/(-4). What is s(n)?
1
Let h = -44 - -50. Let s(g) = g**3 + h - 10 + 4*g - g**3 + 3*g**2 - g**3. What is s(4)?
-4
Let q = -104 - -143. Let y = -41 + q. Let x be 1/((-2)/(4/y)). Let u(b) = 3*b**2 - 2*b + 1. Give u(x).
2
Let o(w) = 2*w - 4. Let p(v) = -v**3 - 19*v**2 - v - 19. Let n be p(-19). Let z be 120/6 - n/(-2). Suppose 0 = i - 6*i + z. Give o(i).
4
Let f(o) be the second derivative of -o**4/12 + 4*o**3/3 - 7*o**2/2 + o. Suppose 0 = h - 4*i - 0 - 22, 2*i = 0. Let v be (12/15)/(h/165). Give f(v).
5
Let c be (-1)/(-3*3/45). Let d(j) = -2*j**3 + 12*j**2 - 12*j - 1. Let n(r) = -r**3 + 6*r**2 - 6*r. Let b(i) = 6*d(i) - 11*n(i). Calculate b(c).
-11
Let m be 25*69/46*12/(-18). Let x(w) = -11*w - 266. Determine x(m).
9
Let m(p) be the third derivative of -9*p**5/10 + p**4/12 + 563*p**2 - 4. Give m(1).
-52
Let o(c) = 3*c**2 - 37*c - 16. Suppose -462 = -107*i + 399 + 530. What is o(i)?
10
Let x(o) = -o - 87. Let q(m) = 2*m + 121. Let j(p) = -5*q(p) - 7*x(p). Determine j(6).
-14
Let x(n) = -6*n**2 - 6*n - 7. Suppose 4*v + 4*d - 28 = 0, -8*v - 13 = -11*v - 2*d. Determine x(v).
-7
Let v be (15/(-9))/((-5)/15). Let m(l) = 3*l**2 - 4*l + 12. Let s(j) = -j**2 + 2*j - 2. Let n(k) = m(k) + 4*s(k). What is n(v)?
-1
Suppose -91*n - 114 = -180*n + 95*n. Let c(j) = 21*j + 398. Determine c(n).
-1
Let y be (228/(-152))/(((-9)/42)/1). Let c(b) = b**3 - 9*b**2 - 3*b + 9. Calculate c(y).
-110
Let z(k) = 19*k - 50. Let j(w) = -26*w + 68. Let t(u) = 8*j(u) + 11*z(u). Calculate t(-6).
-12
Let u(t) = 7*t**3 + 3*t**2 - 2*t - 12. Let o(c) = 8*c**3 + 4*c**2 - 2*c - 14. Let r(b) = -6*o(b) + 7*u(b). Give r(-2).
-16
Let g(u) = 2*u**2 - 5*u - 2. Suppose 0 = -15*z + 20*z - 40. Suppose 0 = -49*l + 47*l + z. Calculate g(l).
10
Let h = 222032 - 222039. Let m(s) be the third derivative of -s**6/120 - 2*s**5/15 - 7*s**4/24 + 5*s**3/6 - s**2. Determine m(h).
5
Let y(c) = c - 5. Let k be (5/(5/6))/(6/3). Let w be y(k). Let s be 4/10 + 13/5 - w. Let q(m) = -m**2 + 6*m - 7. What is q(s)?
-2
Let i(n) = -4*n - 5. Let s = -72 + -16. Let a = s + 97. Let w be ((-6)/a)/((-4)/(-42)). Give i(w).
23
Let u(r) = r**3 + 24*r**2 + 22*r - 17. Suppose 23*g - 20*g + 71 = -4*j, -81 = 2*j - 5*g. Determine u(j).
6
Suppose -6936*r = -6910*r + 26. Let a(n) = -10*n. Determine a(r).
10
Let b(x) = -x**3 - 5*x**2 - 3*x - 6. Let u = -12579 + 12573. Give b(u).
48
Let d(z) be the second derivative of -z**7/840 + z**6/90 + z**5/20 + z**4/6 + 5*z**3/3 + z**2/2 - 80*z. Let k(v) be the second derivative of d(v). What is k(5)?
9
Suppose 0 = 5*k + 6253 - 1633. Let n be 3 - (k/(-51) - (-4)/(-34)). Let s(g) = g**3 + 15*g**2 - g - 16. Let x be s(n). Let j(p) = 2*p**2 - p. Calculate j(x).
3
Let y(b) = -1. Let h(k) = 2*k**2 + 21*k + 15. Let w(m) = h(m) + 4*y(m). Let r be w(-11). Suppose 3*p - r = -10. Let q(c) = c**2 - 2*c. Calculate q(p).
8
Let j = 8885 + -8884. Let x(m) = 36*m**2 - 2*m + 2. Determine x(j).
36
Let k(a) = a**2 - 2*a + 1. Let s be ((-7)/2 + 1)/((-2)/4). Let x(y) = -7*y**2 + 17*y - 4. Let f(n) = s*k(n) + x(n). What is f(3)?
4
Suppose -2322 = -78*g - 696*g. Let m(t) = -2*t**3 - 2*t**2 + 3 + 0 + 3*t**3. Determine m(g).
12
Let y(a) = 8*a**2 - 16 - 79*a**3 + 80*a**3 + 9 + 7*a. Let z be 3/(-2)*48/36. Let k(c) = c**3 + 8*c**2 + 8*c - 7. Let v(j) = z*k(j) + 3*y(j). What is v(-7)?
7
Let l = 15 + -8. Suppose -20 = -18*f + 13*f. Let t(u) = -5*u**2 - f - 4*u + u**3 - 3*u**2 + 12*u. Give t(l).
3
Suppose -38*o + 3 = 231. Suppose 6*b - 2*b = 0. Let c(m) = b*m - 4*m - m**2 + 2*m + 5 - 4*m. Calculate c(o).
5
Let y(t) = 16*t + 131. Suppose -4*u + 8 = 0, -712*i - 2*u = -716*i - 36. Determine y(i).
3
Let h(v) = v**3 + 4*v**2. Let d(o) = 8*o - 4. Let i be d(1). Suppose 28 = -2*j + 4*z - 8*z, i*j = -5*z - 41. Determine h(j).
0
Suppose -9 = 4*i - 17. Let w(s) = -s + 2 + 11*s**i + 6*s**2 - 19*s**2. Let y = 2 - 0. Give w(y).
-8
Let h(g) = g**2 - 15*g + 32. Let z = -380 + 384. Calculate h(z).
-12
Let h(d) = -6*d - 107. Let a(c) = 2*c + 30. Let l(y) = -7*a(y) - 2*h(y). Calculate l(7).
-10
Let j(z) = z**3 - 5*z**2 - z + 10. Let y(u) = 7*u**3 - 40*u**2 - 17*u + 53. Let x(b) = -6*j(b) + y(b). Let k = 12 + -1. Calculate x(k).
-7
Let a(v) = -v - 26. Let g = 734 + -756. Determine a(g).
-4
Let r be (-19 - -1)*-1 - 10. Let a(b) = -7*b + 57. Calculate a(r).
1
Let t be 0 - -4 - 3/6*-4. Suppose 2*g - t = -2*j, -4*j + 5*j - 5*g = -9. Suppose -5*i = 5, a - i = -4*a + j. Let d(b) = -b**2 - b - 5. Give d(a).
-5
Let a(l) = -l**2 + 16*l - 1. Suppose 5*k - 16 = -36. Let z(w) = -w**2 + 17*w. Let r(n) = k*z(n) + 5*a(n). Calculate r(11).
6
Let t(j) be the first derivative of -23*j**2/2 + 93*j - 4270. Give t(4).
1
Suppose -20 = -2*c - 3*u, -u = 2*u - 6. Suppose -191 = -6*y - 173. Suppose -16 = y*l - c. Let g(b) = b**3 + 4*b**2 + 5*b + 4. What is g(l)?
-2
Let u(b) be the second derivative of -2*b**3/3 - 27*b**2/2 - b + 3735. Give u(-9).
9
Let r(d) = 8*d + 68. Let w be r(-8). Suppose -w*t + 4*v = 4, -4 + 14 = -t - 2*v. Let m(n) = n**3 + 6*n**2 + 10*n + 14. What is m(t)?
6
Let s(a) = a - 8. Suppose -4*y = 3*i + 30, -4 = 28*i - 30*i. Determine s(y).
-17
Let j(c) = 7*c + 28. Let s be j(-12). Let o = s - -58. Let m(q) = -58*q**2 + 23*q**o - q**3 + 25*q**2 - 9*q + 12. Give m(-9).
12
Let m = 68 + -64. Let j be (-3 - -4) + -2 + 4. Let n(c) = 4 - j*c + 2*c**3 - 4*c**2 - c**3 + 3*c - c. What is n(m)?
0
Let y(v) be the first derivative of -v**2 - 26*v + 3759. What is y(7)?
-40
Let h(t) = 4*t - 4. Let s(v) be the second derivative of 7*v**3/6 - 9*v**2/2 - 14*v. Let y(u) = -11*h(u) + 6*s(u). What is y(-8)?
6
Let o(n) = n**3 - 3*n**2 - 6*n + 6. Let w = 384 + -321. Suppose 2*b - 4*h = -114, -2 = 5*h + 3. Let j = w + b. Calculate o(j).
-2
Let j(s) = -2*s**2 + 63*s + 250. Let i(v) = -3*v**2 + 97*v + 380. Let m(l) = -5*i(l) + 7*j(l). Determine m(47).
-9
Let w(q) be the third derivative of q**5/60 + 3*q**4/8 + 3*q**3 - 3507*q**2. Give w(-8).
10
Let s = 11843 + -11845. Let q(k) = 6*k**3 + 2*k**2 + k - 3. What is q(s)?
-45
Suppose -5*n + 1 = -2*g - 5, -2*g + 2*n = 18. Let k(h) be the first derivative of -h**4/4 - 4*h**3 + 15*h**2/2 + 10*h + 121913. Calculate k(g).
-16
Let z be (-2)/(-3) + 29/(-3). Suppose -178 = -7*c + 11. Let n(b) = -c*b**2 - 3*b**3 + 9 + 4*b**3 - 2*b**3 + 10*b + 19*b**2. Calculate n(z).
0
Let r(x) = -4*x - 38. Let a(i) = -2. Let c(f) = 72*a(f) - 4*r(f). Give c(-1).
-8
Let p(w) = w**2 - 4*w + 1. Let d(c) = 6*c**2 - 27*c - 4. Let g(o) = d(o) - 5*p(o). What is g(8)?
-1
Suppose 101*d + 132 = 79*d. Let c(b) = -2*b**2 - 6*b**2 + 2*b**2 - b**3 + 2*b + 8. Determine c(d).
-4
Let s(y) = -2*y**3 + 2*y**2 - 5*y + 4. Let h(u) = 2*u**2 + 4*u - 8. Let q(j) = -j**2 - 5*j + 8. Let r(a) = 2*h(a) + 3*q(a). Let d be r(6). What is s(d)?
-14
Let i(d) = d**3 - 13*d**2 + 25*d + 32. Let c(g) = 5*g**3 - 51*g**2 + 103*g + 126. Let x(j) = -2*c(j) + 9*i(j). Calculate x(-16).
-12
Let b = -647 - -639. Let t(x) = -x**3 - 7*x**2 + x - 5. Calculate t(b).
51
Let m be 10/18*4251/(-218) + 11. Let t(c) be the second derivative of -1/10*c**5 + m*c**3 + 0 + 3/2*c**2 - 1/3*c**4 + 10*c. Give t(-3).
18
Let b(a) = -a**3 + 6*a**2 - 5*a - 6. Let j be 12/18 - 1*40/(-3). Suppose -j*u + 125 - 55 = 0. Determine b(u).
-6
Let z(c) = -c**3 + 1. Let w be z(0). Let o(k) = -2 - w + 1 - k + 9. Suppose 1 = -4*f + v + 11, -5*f + 5*v + 5 = 0. Give o(f).
4
Suppose w - 5*c - 1 = 0, 4*w - 13*c = -12*c - 34. Let y(g) = -3*g + 10. Give y(w).
37
Let z(k) = -k - 2. Let b be (-1 - -12)*(3 - 2). Suppose -5*m + 56 = -3*h, b*m + 8 = -h + 10*m. Determine z(h).
10
Let m be 11/(-1) + (-2)/2. Let n(y) be the third derivative of -y**4/12 - 17*y**3/6 - 122278*y**2. Give n(m).
7
Let y(k) be the second derivative of -k**4/12 + 5*k**3/2 - 39*k**2/2 - 1227*k. Give y(13).
-13
Let s(b) = 6*b + 53. Let n be s(-8). Suppose -29*w + 24*w = n. Let j(g) be the sec